. What is the greatest common divisor of o and l?
19
Let c = 35052 - 35030. What is the greatest common divisor of c and 26125?
11
Let x = 89 - 84. Suppose 2*v - v - 145 = 5*q, -x*q + 815 = 5*v. Let s = 42 - 32. What is the greatest common divisor of v and s?
10
Suppose -34*o + 54718 = 8784. What is the highest common divisor of o and 3281?
193
Suppose -107 = 16*m - 17*m. Suppose 111*a = m*a + 140. Calculate the highest common factor of a and 280.
35
Let y = -3291 - -3325. What is the highest common factor of y and 51?
17
Let w(q) = -166*q - 20992. Let t be w(-127). Let o = -35 - -53. What is the greatest common divisor of t and o?
18
Let r(q) = -37*q - 6. Let p(n) = -37*n - 5. Let t(h) = -7*p(h) + 6*r(h). Let w be t(1). Let y be (0 - -1)/1*w. What is the greatest common divisor of 24 and y?
12
Let p = -25 + 29. Let f be (0 - p) + 1 - -6. Suppose 0 = -f*c + 6. What is the greatest common divisor of 14 and c?
2
Suppose -4*t = -213 + 65. Suppose 0 = 6*j - t - 35. What is the greatest common divisor of 4 and j?
4
Suppose -53*h - 510 + 828 = 0. What is the greatest common divisor of 1542 and h?
6
Suppose 0*l + 5*l + 405 = 5*r, -5*r + 65 = -l. Let p = -33 - l. Calculate the greatest common divisor of 39 and p.
13
Let y(x) = x**3 + 8*x**2 - 19*x - 4. Let r be y(4). Suppose -2*j - 2*j = -64. Calculate the greatest common factor of r and j.
16
Let p = 510 + -510. Let d(i) = -6*i**2 - 2*i + 15. Let f be d(p). What is the highest common divisor of f and 20?
5
Let f be (8 - 28/(-7))*-20. Let r = f + 292. Calculate the highest common divisor of 468 and r.
52
Suppose 3*i + 3*q = 5*q + 116, i - 37 = q. Suppose -7*x + x + i = 0. What is the greatest common factor of x and 7?
7
Let w = 97 + -152. Let x = w + 99. Let z(i) = 15*i**2 + 63*i - 142. Let v be z(2). What is the greatest common divisor of x and v?
44
Suppose 16*z + 3*r = 9*z + 2282, 0 = 4*z + 5*r - 1304. What is the greatest common divisor of z and 3749?
163
Let j(y) = -2*y**2 + 7*y - 24. Let u be j(16). Let o = u + 432. What is the greatest common divisor of o and 148?
4
Suppose -7*h - c = -9*h - 11, 0 = 3*h - 3*c + 24. Let s(j) = -19*j - 50. Let w be s(h). Calculate the greatest common divisor of w and 2.
1
Let x(b) = b**2 + 29*b + 230. Let a be x(-9). What is the greatest common divisor of 175 and a?
25
Let w(x) = x**3 - 7*x**2 + 7*x - 7. Let b be w(7). Let u(j) = 9*j + 57. Let t be u(-5). Calculate the highest common divisor of t and b.
6
Suppose 5*i + 30 = -5. Let r(b) = b**2 + 3*b + 8. Let w be r(i). Let s(z) = z**2 - 23*z + 96. Let o be s(21). Calculate the highest common divisor of o and w.
18
Suppose -129*h = 41*h + 4*h - 12528. What is the highest common divisor of 90 and h?
18
Let a = 4011 - 3936. What is the highest common divisor of a and 975?
75
Let t = -3446 - -3516. What is the highest common divisor of 20 and t?
10
Suppose 0 = 5*w + 2*w. Suppose 5*k - 7*k = w. Suppose 1 = -q + 4*q - 2*z, k = 2*q - z - 2. What is the highest common factor of q and 33?
3
Let h = -5676 - -24720. What is the highest common divisor of 12 and h?
12
Let m be 0 - 1 - (2 - (7 - 4)). Let i be 19 - (-1 - (-2 - m) - 2). Suppose -c = 4*u + i - 79, 3*c = -3. Calculate the highest common factor of u and 30.
15
Suppose -4*i = 5*a - 301, 2*i - 94 = -2*a + 7*i. Let p = 162744 + -162668. What is the greatest common divisor of p and a?
19
Let g(r) = 0 + 5 - r + 3 + r**2. Let b be g(0). Let t be -4 + 5 - -1 - (-6 + 30/5). Calculate the greatest common factor of t and b.
2
Let u = 641 + -319. What is the highest common divisor of u and 35?
7
Suppose 4*y - 4*f = y + 118, -4*y + f = -153. Suppose -2159 = -k - 3*k - 3*o, 10 = 2*o. Let h = -118 + k. Calculate the highest common divisor of h and y.
38
Let h(n) = -n**2 - 112*n - 384. Let l be h(-4). What is the greatest common divisor of l and 880?
16
Let z be (-21 + 3 + 3)/(((-2)/2)/1). What is the highest common factor of z and 65?
5
Let o be (-31434)/(-3906) - (-3)/(-63). Calculate the highest common divisor of 1352 and o.
8
Let i = -21 + 25. Suppose -i*n - 15 = -39. Calculate the greatest common divisor of n and 6.
6
Suppose 3 = y, 0 = d - 5*y - 348 + 318. Calculate the highest common divisor of 36405 and d.
45
Let o = -24309 - -24335. Calculate the highest common divisor of o and 9100.
26
Let g be ((-52)/(-10))/((-10)/(-150)). Let y = g - 66. Suppose 0 = 5*x - 14 - 46. What is the greatest common factor of y and x?
12
Suppose -4*f - 23*x + 1619 = -20*x, -x - 2038 = -5*f. Calculate the highest common divisor of f and 77.
11
Suppose -2*o = -90 + 34. Suppose 3*r + 8 = 29. Let i be 1*r/((-21)/(-12)). Calculate the greatest common divisor of i and o.
4
Let z(b) = b**3 + 89*b**2 + 193*b + 285. Let u be z(-83). Calculate the greatest common divisor of u and 200.
200
Suppose -5*b + 173 = -352. Let j be ((-21)/(-15) - 2)*-5. Suppose j*w - 1 = 44. What is the greatest common factor of w and b?
15
Let j = -8058 + 8091. Suppose -19 = -5*m - 0*i + 4*i, 8 = 4*m + 4*i. Calculate the highest common divisor of j and m.
3
Let z = 414 + -376. Suppose 2*r - 3*x - 75 = 0, -r + 0*r = -x - z. What is the greatest common divisor of 26 and r?
13
Let a(g) = 4*g**3 - 16*g**2 + 99*g - 264. Let f be a(4). Let s be (3/(-4))/(1/(-44)). Calculate the greatest common divisor of f and s.
33
Suppose 0*h + 26 = 13*h. Suppose -h*w - 113 = -3*z + 78, 192 = 3*z - 3*w. Calculate the highest common divisor of 21 and z.
21
Let a = 6142 - 5438. Calculate the highest common divisor of a and 792.
88
Suppose -28133*s + 28135*s - 120 = 0. Calculate the highest common factor of 230 and s.
10
Suppose 25*p - 17*p + 22*p = 5520. Let o(x) = 3*x**3 + 7*x**2 - 4*x - 4. Let a be o(4). Let i = a - p. What is the highest common factor of i and 40?
20
Let x(a) = 54*a**3 + 6*a**2 - 308*a + 1226. Let g be x(4). What is the highest common factor of 18 and g?
18
Let r(o) = o**2 + 6*o - 36. Let b be r(-10). Suppose 3*s = -27*k + 24*k + 114, -3*s + b*k + 135 = 0. Calculate the highest common divisor of s and 164.
41
Let j(c) = -c + 24. Let h be j(0). Let s(a) = -a**2 + 31*a + 10. Let r be s(31). Suppose 7*g - r = 46. Calculate the highest common divisor of h and g.
8
Let h(v) = 3*v**2 + 20*v - 17. Let a be h(-8). Let l be (288/(-90))/((-3)/a). What is the highest common divisor of l and 8?
8
Let d = 2811 + -1299. Calculate the highest common divisor of 21 and d.
21
Let o = 5168 - 5164. What is the highest common factor of o and 407?
1
Let j(a) = 11*a**2 + 190*a - 768. Let f be j(4). What is the highest common factor of 210 and f?
42
Let q be (-27)/(-5)*390/117. Let o be (-4)/q - 0 - (-8878)/18. Calculate the greatest common divisor of o and 17.
17
Let j(f) = -106*f - 404. Let z be j(-4). Suppose -3*u + 2*w + 58 = 3*w, 5*u - 5*w - 110 = 0. Calculate the highest common factor of z and u.
20
Let x be (2 + 28)*2/4. Suppose 6*q = 7*q - x. Let d be (-6)/q - (-32)/5. Calculate the highest common divisor of d and 48.
6
Suppose -b + 39 = 2*v - 7*v, 3*b - 37 = 5*v. Let w be (0 - 2/v) + (-75)/(-20). What is the greatest common divisor of w and 108?
4
Let w(d) = -d + 210. Let j be (-9)/((-180)/(-8)) + (-6)/(-15). Let r be w(j). What is the greatest common divisor of 120 and r?
30
Let l = -118 - -206. Let i = -225 - -289. Suppose i = 3*a + 5*a. What is the highest common divisor of l and a?
8
Let z(t) = 11*t**2 + 24*t + 1. Suppose 5*v - p - 4 = -32, -v + 4 = 3*p. Let j be z(v). What is the highest common factor of j and 12?
12
Let m = -37 + 35. Let t(q) = -16*q - 4. Let g be t(m). Let r = g + 14. Calculate the greatest common factor of 7 and r.
7
Suppose -34*r + 5885 = 5*d - 32*r, -r + 3530 = 3*d. What is the highest common factor of 25 and d?
25
Let x(n) = -n**2 + 22*n - 27. Let l be x(11). Let y(c) = -6*c - 66. Let z be y(-12). Calculate the greatest common factor of l and z.
2
Let h = 19834 - 19771. Suppose -f + 5*f = 396. Calculate the greatest common factor of h and f.
9
Suppose h - 114 = -4*b, -4*b + 3*b + 3*h = -35. Let y be 104/338 + (-43)/((-6149)/8250). What is the greatest common divisor of y and b?
29
Suppose 2*c = 25 - 15. Suppose -g + 4*g - 2*a = 35, -c*g - a + 54 = 0. What is the highest common factor of g and 2?
1
Let v = 134 - 304. Let n = 14 - v. Calculate the greatest common factor of n and 138.
46
Suppose -4 = d + 3*q - 47,